by s?
62
Let v = 48 + -96. Let r be (-6 + -1)/7 - -54. Let m = r - v. What is the remainder when m is divided by 13?
10
Calculate the remainder when 251 is divided by (-5 + (-32)/8 + 4)/((-3)/69).
21
Let c = -35214 + 35277. Calculate the remainder when 515 is divided by c.
11
Suppose 0 = -2*g - 7*t + 2*t + 122, 3*t + 192 = 4*g. Suppose 46*z = g*z - 450. What is the remainder when z is divided by 13?
12
Suppose 1805 = 5*r + 200. Suppose -2*k - 23 + r = 0. Suppose -k = -3*s + 88. Calculate the remainder when s is divided by 21.
16
Suppose 3*a - 72 - 39 = 0. Suppose 5*i = 5*g + 8 + a, 3*i = 5*g + 53. Calculate the remainder when 2/4*(-6838)/g is divided by 38.
35
What is the remainder when 5729 is divided by (0 - (-694)/18) + (-240)/(-540)?
35
Suppose 4*m - 1530 = 5*f, -5*m + 6117 = -2*f + 4230. What is the remainder when m is divided by 25 + 1 + (-1)/(-1)?
24
Suppose 28 = 16*o - 12*o + 4*a, 61 = 3*o - 5*a. Calculate the remainder when 453 is divided by o.
9
Let s = -1398 - -1457. What is the remainder when s is divided by 49?
10
Suppose -48*c = -53*c - 4*z + 5585, c + z = 1117. Calculate the remainder when c is divided by 273.
25
Let w(n) = n**3 - 17*n**2 + 80*n - 15. What is the remainder when 578 is divided by w(11)?
22
Suppose 1393 + 13 = g - 2*b, -2*b + 2 = 0. What is the remainder when g is divided by 678?
52
Suppose 289 - 67 = 4*l + y, 3*l - 2*y = 150. What is the remainder when 11068 is divided by l?
52
Suppose -13*g = -8*g - 7805. Suppose 6*n = -n + g. What is the remainder when n is divided by 32?
31
Let t be ((-119)/(-84) - (-4)/(-6))*328. Suppose 0 = -4*s + t + 86. Let n = 138 - s. What is the remainder when n is divided by 8?
7
Let o(j) = 18*j**3 + 14*j**2 + j - 13. Calculate the remainder when o(3) is divided by 43.
0
Let r = 7 + -5. Suppose 13*x - 61 = 4, 2*k = -x + 111. Calculate the remainder when k is divided by (-1 + -13)/((-1)/r).
25
Let d(u) = -3*u + 104. Let b = 205 - 216. Calculate the remainder when d(b) is divided by 20.
17
Let z(k) = -3*k + 7. Let l be z(-7). Let a = 32 - l. Calculate the remainder when (-1)/(2*a/(-296)) is divided by 8.
5
Let u(m) = m**2 - 79*m - 277. What is the remainder when 1206 is divided by u(83)?
51
Suppose -19*u = 3*u - 16 - 138. What is the remainder when 3112 is divided by u?
4
Suppose 5*n - n = -3*r - 187, 3*n = 3*r - 156. Let d = n - -51. Suppose -41 = d*f - 153. Calculate the remainder when f is divided by 10.
6
Let g = 604 + -364. Suppose j - 2*l + 5*l + 12 = 0, 0 = 2*j - 2*l - 16. Calculate the remainder when g is divided by j.
0
Let r(h) = h**2 + 2*h - 2. Suppose 2*t - 20 = -2*z, -4*t + 14*z - 9*z = -13. Suppose -453 - 149 = -t*y. Calculate the remainder when y is divided by r(4).
20
Suppose 0 = 5*s - 9*f + 6*f - 197, -f + 107 = 3*s. What is the remainder when s is divided by (-24)/108 - (-173)/9?
18
Suppose 134 - 319 = 5*p. Let k = 41 - p. Let b = -23 - -39. Calculate the remainder when k is divided by b.
14
Suppose 57*d - 1679 + 34 + 334 = 0. Suppose 0 = -2*b + 195 + 59. What is the remainder when b is divided by d?
12
Suppose -33*s + 51*s = -792. Let t = -36 - s. What is the remainder when 116 is divided by t?
4
Let x(r) = 2*r**2 + 7*r - 1. Suppose -4*m - 93 = -5*b, -38*b = -40*b + 2*m + 38. What is the remainder when x(-7) is divided by b?
14
Suppose 25870 = 104*s + 4758. Calculate the remainder when s is divided by 94.
15
Suppose 0 = 3*x - 5*m - 198 - 1623, 3*x - 1821 = m. Let u = x + -313. Calculate the remainder when u is divided by 33.
30
Let p(h) = h + 232. What is the remainder when 350 is divided by p(-59)?
4
Let l be (-6)/(-1)*14/(-4)*-1. Suppose 0 = -3*w + 4*y + l, 2*w = w + 4*y - 1. Let n(j) = 2*j + 1. Calculate the remainder when 114 is divided by n(w).
22
Let m be 291*(18/(-27) + 0 + 0). Let f = m + 259. Calculate the remainder when f is divided by 18.
11
Let n = -268 + 271. Suppose b - n*g = 22, g = -b + 6*g + 28. Suppose -3*x + 6*x = 105. What is the remainder when x is divided by b?
9
Let k = 44 - 40. Suppose -35 = -2*m + v, -5*m + 16 + 65 = k*v. What is the remainder when 576 is divided by m?
15
Suppose -4*a - 3*q + 63 = 25, -q + 2 = 0. Suppose -2*s + 680 = a*s. What is the remainder when s is divided by 9?
5
Suppose 0 = 2*t - 44*t + 168. Calculate the remainder when 105 is divided by t.
1
Suppose -7*v + 3*n + 8 = -3*v, 2*v - 3*n - 4 = 0. Let x(w) = -184*w**2 - 1 + 463*w**2 - 34*w**v. Calculate the remainder when x(1) is divided by 41.
39
Let z = -113 + 159. Suppose 4*v - z = -3*f, 2*f - 3*v + 4 = 29. Let y(b) = 2*b - 14. What is the remainder when 41 is divided by y(f)?
13
What is the remainder when 215 is divided by 3*(-13)/312 - (-322)/16?
15
Suppose 0 - 24 = 6*l. Calculate the remainder when (5082/(-7) - l)/(-2) is divided by 26.
23
Suppose 89100 = 97*u + 53*u. Calculate the remainder when 598 is divided by u.
4
Let u = 81 + -71. Let h = -91 - -148. What is the remainder when h is divided by u?
7
Suppose 0 = -2*i + 24 + 52. Let a(v) = 6*v**2 + 372*v + 15. What is the remainder when i is divided by a(-62)?
8
Let t(v) = -3*v - 18. Let c be t(-11). Suppose 3500 = -b + c*b. Calculate the remainder when b is divided by 36.
34
Let q(d) = d**2 - 4*d + 10. Suppose -5*v = 2*j - 43, 5*j - 10*j - 14 = -v. Calculate the remainder when q(6) is divided by v.
4
Let d(g) = g**2 + 2*g + 11. Let z = -80 - -75. Calculate the remainder when 44 is divided by d(z).
18
Let m = 1146 - 1098. Suppose 3*s - 424 = 2*k, 2*s = -7*k + 3*k + 288. What is the remainder when s is divided by m?
46
Suppose 0 = 2*n + 5*n - 910. Suppose 0 = -45*p + 50*p - n. Suppose 14*w - 13*w - p = 0. Calculate the remainder when 48 is divided by w.
22
Let j = 6 - -12. Let a(x) = 21*x - 61. What is the remainder when a(8) is divided by j?
17
Suppose -4*w = 83 + 165. Let b = 132 + w. What is the remainder when 205 is divided by b?
65
Let q(k) = 2*k**2 + 42*k + 155. Calculate the remainder when 655 is divided by q(-18).
44
Let d(a) = 12*a + 86. Let o be d(-7). Suppose 1 - 151 = -o*n. Calculate the remainder when n is divided by 17.
7
Let z(i) = 8*i - 15. Let w(k) = k - 1. Let f(a) = -14*w(a) + 2*z(a). Suppose -2*n + 65 = 3*n. What is the remainder when f(19) is divided by n?
9
Let q be (-10)/((-1)/(-18)*-3). Let y be ((-1)/(-2))/((-3)/q*-5). Calculate the remainder when -1 - ((y - 2) + -32)*2 is divided by 18.
9
Let q = 4993 - 670. Suppose 53*d - q = 42*d. Calculate the remainder when d is divided by 22.
19
Suppose -90869 + 11225 = -146*f + 71174. Calculate the remainder when f is divided by 15.
13
Suppose -3*p = -5*k - 159 - 45, 2*p = -4*k + 158. Let f = -25 + p. Suppose 0 = 8*m - 3*m - 50. Calculate the remainder when f is divided by m.
8
Suppose 3*c + 76 = i, -4*c = -i + 2*i - 34. Suppose 3*f - 2*f = 30. What is the remainder when i is divided by f?
28
Suppose 102 + 924 = -3*c. Let z be (-2)/4 + c/4. Calculate the remainder when ((-48)/27 - -2) + z/(-18) is divided by 2.
1
Suppose -5*j - 5897 = -3*o, o + 4*j = 2046 - 69. Suppose 10*u + 519 = o. Let g = -100 + u. Calculate the remainder when g is divided by 16.
13
Suppose 55 = 28*x - 224 - 57. What is the remainder when 369 is divided by x?
9
Suppose 7 = 8*j - 1. Let a be j/(-2*4/(-24)). Suppose 443 = a*l + 56. Calculate the remainder when l is divided by 33.
30
Let d = -26609 - -26901. Calculate the remainder when 6706 is divided by d.
282
Let o(d) = -3*d - 4. Let j(z) = -z**2 - 71*z + 12. Let b be j(-15). Let u = b + -850. Calculate the remainder when o(-4) is divided by u.
0
Let x(k) = k**2 + 56. Suppose -143*q - 9 = -448 - 705. What is the remainder when x(0) is divided by q?
0
Let d = 1477 + -1463. Calculate the remainder when 25 is divided by d.
11
Let y be 4/(-5 - -2*205/80). Suppose 0 = -2*v + 3*f + 65, -3*v + 4*f = -129 + y. Calculate the remainder when 85 is divided by v.
23
Let m(u) = u**3 - u**2 - 7*u + 5. Let o be 0 + (3 - -5 - 4). Let r be m(o). What is the remainder when 10/r*5 + 67 is divided by 12?
9
Let z = 55 + -51. Let r be (-17)/(-68) + 15/z. Suppose -r*x = 4*v - 464, 0*x - 4*x + 4*v + 432 = 0. Calculate the remainder when x is divided by 13.
8
Let y(s) = -s**2 + 2*s + 5. Let c(o) = o**2 - 3*o. Let w be c(4). Let l(u) = 3*u - 5. What is the remainder when l(w) is divided by y(3)?
1
Let y = 342 + -789. Let q = -420 - y. What is the remainder